{"id":742,"date":"2026-01-22T17:36:22","date_gmt":"2026-01-22T16:36:22","guid":{"rendered":"https:\/\/www.sclerodermie.net\/?page_id=742"},"modified":"2026-02-18T16:25:33","modified_gmt":"2026-02-18T15:25:33","slug":"nerandomilast-in-patients-with-progressive-pulmonary-fibrosis","status":"publish","type":"page","link":"https:\/\/www.sclerodermie.net\/index.php\/nerandomilast-in-patients-with-progressive-pulmonary-fibrosis\/","title":{"rendered":"Nerandomilast chez les patients atteints de fibrose pulmonaire progressive"},"content":{"rendered":"\n<p class=\"has-text-align-center\"><br>Toby M Maher,\u00a0Shervin Assassi,\u00a0Arata Azuma,\u00a0Vincent Cottin,\u00a0Anna-Maria Hoffmann-<br>Vold \u00a0 ,\u00a0Michael Kreuter \u00a0 ;\u00a0FIBRONEER-ILD Trial Investigators. N Engl J Med 2025;392:2203-14.<br>doi: 10.1056\/NEJMoa2503643.\u00a0<\/p>\n\n\n\n<p class=\"has-text-align-center\"><br><strong>Contexte :<\/strong><\/p>\n\n\n\n<p class=\"has-text-align-center\">Dans les deux essais de phase 3 FIBRONEER-IPF (N\u00e9randomilast chez les patients atteints de<br>fibrose pulmonaire idiopathique, r\u00e9f.1) et FIBRONEER-ILD (N\u00e9randomilast chez les patients<br>atteints de fibrose pulmonaire progressive, r\u00e9f.2), publi\u00e9es dans The New England Journal<br>of Medicine, le nerandomilast a atteint le crit\u00e8re d\u2019\u00e9valuation principal en r\u00e9duisant<br>significativement la baisse de la capacit\u00e9 vitale forc\u00e9e (CVF) sur 52 semaines, compar\u00e9 \u00e0 un<br>placebo, soutenant son r\u00f4le dans le ralentissement de la progression de la maladie dans la<br>fibrose pulmonaire idiopathique et progressive. Ces deux essais cliniques mettent en<br>\u00e9vidence le potentiel du n\u00e9randomilast comme inhibiteur de PDE4B premier de sa classe<br>pour la fibrose pulmonaire idiopathique et progressive, d\u00e9montrant l\u2019efficacit\u00e9 en<br>monoth\u00e9rapie ou avec des antifibrotiques existants.<br>M\u00e9thodes<\/p>\n\n\n\n<p class=\"has-text-align-center\"><br>L\u2019essai FIBRONEER-ILD (N\u00e9randomilast chez les patients atteints de fibrose pulmonaire<br>progressive), est un essai de phase 3 randomis\u00e9 en double aveugle et contr\u00f4l\u00e9 versus<br>placebo, qui a analys\u00e9 l\u2019efficacit\u00e9 et la s\u00e9curit\u00e9 du n\u00e9randomilast sur une p\u00e9riode minimale<br>de 52 semaines chez les patients atteints de fibrose pulmonaire progressive dont les<br>patients avec Scl\u00e9rodermie. Les patients \u00e9ligibles avaient 18 ans ou plus avec un diagnostic<br>de pneumopathie interstitielle autre que la FPI et une maladie pulmonaire fibrosante<br>\u00e9tendue de plus de 10% au tomodensitom\u00e9trie (TDM) de haute r\u00e9solution et des crit\u00e8res de<br>progression. Les patients avaient une CVF d\u2019au moins 45% de la valeur pr\u00e9dite et une<br>capacit\u00e9 de diffusion du monoxyde de carbone (DLCO) d\u2019au moins 25% de la valeur pr\u00e9dite.<br>Les patients satisfaisaient \u00e0 au moins l\u2019un des crit\u00e8res suivants dans les 24 mois avant le<br>d\u00e9pistage\u00a0: une baisse relative d\u2019au moins 10\u00a0% de la CVF attendue ; une baisse relative entre<br>5% \u00e0 10% de la CVF avec un \u00e9tat respiratoire aggrav\u00e9, une extension de la fibrose sur<\/p>\n\n\n\n<p class=\"has-text-align-center\">imagerie, ou les deux ; ou une aggravation des sympt\u00f4mes respiratoires et une \u00e9tendue<br>accrue de la fibrose sur l\u2019imagerie thoracique.<br>R\u00e9sultats<br>Les chercheurs ont randomis\u00e9 1&nbsp;177 patients atteints de fibrose pulmonaire progressive<br>d\u2019\u00e9tiologies vari\u00e9es, dans un rapport 1:1:1 pour recevoir 9 mg de n\u00e9randomilast deux fois<br>par jour (n=392), 18 mg de n\u00e9randomilast deux fois par jour (n=392) ou un placebo deux fois<br>par jour (n=393). Les chercheurs ont stratifi\u00e9 la randomisation par l\u2019utilisation d\u2019un<br>traitement antifibrotique de fond (nint\u00e9danib ou non).<br>Le crit\u00e8re d&rsquo;\u00e9valuation principal \u00e9tait la variation absolue de la capacit\u00e9 vitale forc\u00e9e (CVF)<br>par rapport \u00e0 la valeur initiale, mesur\u00e9e en millilitres, \u00e0 la semaine 52.<br>Au total, 1&nbsp;176 patients ont re\u00e7u au moins une dose de n\u00e9randomilast ou de placebo, dont<br>43,5&nbsp;% suivaient un traitement de fond par nint\u00e9danib \u00e0 l\u2019inclusion. Parmi eux, 27,6 %<br>pr\u00e9sentaient une pneumopathie interstitielle diffuse (PID) d\u2019origine auto-immune, 19,8 %<br>une pneumopathie d\u2019hypersensibilit\u00e9, 19,6 % une PID inclassable et 19,4% une<br>pneumopathie interstitielle non sp\u00e9cifique (PINS) de cause inconnue. La variation moyenne<br>ajust\u00e9e de la CVF \u00e0 la semaine 52 \u00e9tait de \u221298,6&nbsp;ml (intervalle de confiance [IC] \u00e0 95&nbsp;%,<br>\u2212123,7 \u00e0 \u221273,4) dans le groupe n\u00e9randomilast 18&nbsp;mg, de \u221284,6&nbsp;ml (IC \u00e0 95&nbsp;%, \u2212109,6 \u00e0 \u221259,7)<br>dans le groupe n\u00e9randomilast 9&nbsp;mg et de \u2212165,8&nbsp;ml (IC \u00e0 95&nbsp;%, \u2212190,5 \u00e0 \u2212141,0) dans le<br>groupe placebo (Figure 1). Le d\u00e9clin de la CVF \u00e0 52 semaines \u00e9tait significativement r\u00e9duit<br>avec une diff\u00e9rence moyenne ajust\u00e9e entre le groupe n\u00e9randomilast 18 mg et le groupe<br>placebo de 67,2 ml (IC \u00e0 95 %, 31,9 \u00e0 102,5 ; P &lt; 0,001), et la diff\u00e9rence ajust\u00e9e entre le<br>groupe n\u00e9randomilast 9 mg et le groupe placebo de 81,1 ml (IC \u00e0 95 %, 46,0 \u00e0 116,3 ; P &lt;<br>0,001). Cet effet b\u00e9n\u00e9fique \u00e9tait observ\u00e9 tant chez les patients recevant du nintedanib que<br>chez ceux n\u2019en recevant pas. De plus, une r\u00e9duction significative de la mortalit\u00e9 a \u00e9t\u00e9<br>observ\u00e9e chez les patients recevant la dose de 9mg (HR = 0,60 [IC 95 % : 0,38 ; 0,95]) et de<br>18mg (HR = 0,48 [IC 95 % : 0,30 ; 0,79]). L&rsquo;\u00e9v\u00e9nement ind\u00e9sirable le plus fr\u00e9quent \u00e9tait la<br>diarrh\u00e9e, signal\u00e9e chez 36,6 % des patients du groupe n\u00e9randomilast 18 mg, 29,5 % de ceux<br>du groupe n\u00e9randomilast 9 mg et 24,7 % de ceux du groupe placebo. Des \u00e9v\u00e9nements<br>ind\u00e9sirables graves sont survenus avec des pourcentages similaires de patients dans les<br>groupes d&rsquo;essai.<br>Conclusion<\/p>\n\n\n\n<p>Les principaux points \u00e0 retenir&nbsp;sont :<\/p>\n\n\n\n<ul class=\"wp-block-list\">\n<li>Le n\u00e9randomilast d\u00e9montre une pr\u00e9servation statistiquement significative de la<br>capacit\u00e9 vitale forc\u00e9e (CVF) dans les IPF et les fibroses pulmonaires progressives.<\/li>\n\n\n\n<li>Le n\u00e9randomilast est le premier inhibiteur de la PDE4B montrant un potentiel comme<br>monoth\u00e9rapie ou en ajout aux antifibrotiques standard. En tant qu\u2019inhibiteur oral<br>exp\u00e9rimental de la PDE4B, le n\u00e9randomilast offre un nouveau m\u00e9canisme d\u2019action.<br>\uf0b7 Les r\u00e9sultats des essais soutiennent son utilisation soit comme un traitement autonome<br>ou en combinaison avec des th\u00e9rapies antifibrotiques, en comblant les principales<br>lacunes dans les options th\u00e9rapeutiques.<br>\uf0b7 Dans cet essai, il n\u2019y avait que 75 patients atteints de Scl\u00e9rodermie (23 patients (5,9%),<br>25 (6,4%) et 27 (6,9%) respectivement dans le groupe placebo, n\u00e9randomilast 9 mg et<br>n\u00e9randomilast 18 mg), justifiant un essai clinique d\u00e9di\u00e9 dans la PID de la Scl\u00e9rodermie.<\/li>\n\n\n\n<li>Le profil de s\u00e9curit\u00e9 \u00e9tait favorable avec des \u00e9v\u00e9nements ind\u00e9sirables g\u00e9rables dans tous<br>les bras de traitement, avec la diarrh\u00e9e l\u2019\u00e9v\u00e9nement ind\u00e9sirable le plus fr\u00e9quemment<br>signal\u00e9. Les taux d\u2019abandon en raison d\u2019\u00e9v\u00e9nements ind\u00e9sirables \u00e9taient comparables, et<br>aucun nouveau signal de s\u00e9curit\u00e9 n\u2019est apparu.<br>Le fait que deux essais de phase III r\u00e9pondent au crit\u00e8re principal est une avanc\u00e9e majeure<br>pour la communaut\u00e9 scientifique, soulignant le potentiel du n\u00e9randomilast \u00e0 avoir un impact<br>significatif sur les besoins non satisfaits des patients, en monoth\u00e9rapie ou en combinaison<br>avec les traitements actuels.\u00a0<\/li>\n<\/ul>\n\n\n\n<ol class=\"wp-block-list\">\n<li>Richeldi L, Azuma A, Cottin V, et al. Nerandomilast in Patients with Idiopathic<br>Pulmonary Fibrosis. N Engl J Med.&nbsp;18 mai 2025; NEJMoa2414108.&nbsp;<\/li>\n\n\n\n<li>Maher TM, Assassi S, Azuma A, et al. Nerandomilast in Patients with Progressive<br>Pulmonary Fibrosis. N Engl J Med.&nbsp;18 mai 2025; NEJMoa2503643&nbsp;\u21a9<\/li>\n<\/ol>\n","protected":false},"excerpt":{"rendered":"<p>Toby M Maher,\u00a0Shervin Assassi,\u00a0Arata Azuma,\u00a0Vincent Cottin,\u00a0Anna-Maria Hoffmann-Vold \u00a0 ,\u00a0Michael Kreuter \u00a0 ;\u00a0FIBRONEER-ILD Trial Investigators. N Engl J Med 2025;392:2203-14.doi: 10.1056\/NEJMoa2503643.\u00a0 Contexte : Dans les deux essais de phase 3 FIBRONEER-IPF [&hellip;]<\/p>\n","protected":false},"author":1,"featured_media":0,"parent":0,"menu_order":0,"comment_status":"closed","ping_status":"closed","template":"","meta":{"ngg_post_thumbnail":0,"footnotes":""},"class_list":["post-742","page","type-page","status-publish","hentry","entry"],"_links":{"self":[{"href":"https:\/\/www.sclerodermie.net\/index.php\/wp-json\/wp\/v2\/pages\/742","targetHints":{"allow":["GET"]}}],"collection":[{"href":"https:\/\/www.sclerodermie.net\/index.php\/wp-json\/wp\/v2\/pages"}],"about":[{"href":"https:\/\/www.sclerodermie.net\/index.php\/wp-json\/wp\/v2\/types\/page"}],"author":[{"embeddable":true,"href":"https:\/\/www.sclerodermie.net\/index.php\/wp-json\/wp\/v2\/users\/1"}],"replies":[{"embeddable":true,"href":"https:\/\/www.sclerodermie.net\/index.php\/wp-json\/wp\/v2\/comments?post=742"}],"version-history":[{"count":4,"href":"https:\/\/www.sclerodermie.net\/index.php\/wp-json\/wp\/v2\/pages\/742\/revisions"}],"predecessor-version":[{"id":766,"href":"https:\/\/www.sclerodermie.net\/index.php\/wp-json\/wp\/v2\/pages\/742\/revisions\/766"}],"wp:attachment":[{"href":"https:\/\/www.sclerodermie.net\/index.php\/wp-json\/wp\/v2\/media?parent=742"}],"curies":[{"name":"wp","href":"https:\/\/api.w.org\/{rel}","templated":true}]}}