{"id":695,"date":"2025-07-09T11:50:25","date_gmt":"2025-07-09T09:50:25","guid":{"rendered":"https:\/\/www.sclerodermie.net\/?page_id=695"},"modified":"2026-02-18T16:12:29","modified_gmt":"2026-02-18T15:12:29","slug":"actualites","status":"publish","type":"page","link":"https:\/\/www.sclerodermie.net\/index.php\/actualites\/","title":{"rendered":"Actualit\u00e9s"},"content":{"rendered":"\n<ul class=\"wp-block-list\">\n<li class=\"has-medium-font-size\"><a href=\"https:\/\/www.sclerodermie.net\/index.php\/newsletter\/\" data-type=\"page\" data-id=\"700\">Notre newsletter<\/a><\/li>\n\n\n\n<li class=\"has-medium-font-size\"><a href=\"https:\/\/www.sclerodermie.net\/index.php\/webinaires\/\" data-type=\"page\" data-id=\"414\">Nos webinars<\/a><\/li>\n\n\n\n<li class=\"has-medium-font-size\"><a href=\"https:\/\/www.sclerodermie.net\/index.php\/litterature-commentee\/\" data-type=\"page\" data-id=\"216\">Litt\u00e9rature comment\u00e9e<\/a><\/li>\n<\/ul>\n\n\n\n<p>ICI vous trouverez un mod\u00e8le (template) de litt\u00e9rature comment\u00e9e :<\/p>\n\n\n\n<div class=\"wp-block-file\"><a id=\"wp-block-file--media-b732780f-b9ca-4fd8-b1ae-978c09a2a3af\" href=\"https:\/\/www.sclerodermie.net\/wp-content\/uploads\/2026\/02\/LC-GFRS-DOC-VIERGE-21.01.2026-DL-BG-FINAL-1.docx\">LC GFRS DOC VIERGE 21.01.2026 DL BG FINAL<\/a><a href=\"https:\/\/www.sclerodermie.net\/wp-content\/uploads\/2026\/02\/LC-GFRS-DOC-VIERGE-21.01.2026-DL-BG-FINAL-1.docx\" class=\"wp-block-file__button wp-element-button\" download aria-describedby=\"wp-block-file--media-b732780f-b9ca-4fd8-b1ae-978c09a2a3af\">T\u00e9l\u00e9charger<\/a><\/div>\n\n\n\n<p><\/p>\n","protected":false},"excerpt":{"rendered":"<p>ICI vous trouverez un mod\u00e8le (template) de litt\u00e9rature comment\u00e9e :<\/p>\n","protected":false},"author":1,"featured_media":0,"parent":0,"menu_order":0,"comment_status":"closed","ping_status":"closed","template":"","meta":{"ngg_post_thumbnail":0,"footnotes":""},"class_list":["post-695","page","type-page","status-publish","hentry","entry"],"_links":{"self":[{"href":"https:\/\/www.sclerodermie.net\/index.php\/wp-json\/wp\/v2\/pages\/695","targetHints":{"allow":["GET"]}}],"collection":[{"href":"https:\/\/www.sclerodermie.net\/index.php\/wp-json\/wp\/v2\/pages"}],"about":[{"href":"https:\/\/www.sclerodermie.net\/index.php\/wp-json\/wp\/v2\/types\/page"}],"author":[{"embeddable":true,"href":"https:\/\/www.sclerodermie.net\/index.php\/wp-json\/wp\/v2\/users\/1"}],"replies":[{"embeddable":true,"href":"https:\/\/www.sclerodermie.net\/index.php\/wp-json\/wp\/v2\/comments?post=695"}],"version-history":[{"count":5,"href":"https:\/\/www.sclerodermie.net\/index.php\/wp-json\/wp\/v2\/pages\/695\/revisions"}],"predecessor-version":[{"id":761,"href":"https:\/\/www.sclerodermie.net\/index.php\/wp-json\/wp\/v2\/pages\/695\/revisions\/761"}],"wp:attachment":[{"href":"https:\/\/www.sclerodermie.net\/index.php\/wp-json\/wp\/v2\/media?parent=695"}],"curies":[{"name":"wp","href":"https:\/\/api.w.org\/{rel}","templated":true}]}}