{"id":585,"date":"2025-05-16T11:38:26","date_gmt":"2025-05-16T09:38:26","guid":{"rendered":"https:\/\/www.sclerodermie.net\/?page_id=585"},"modified":"2025-06-20T10:23:56","modified_gmt":"2025-06-20T08:23:56","slug":"base-de-donnees-nationale-sur-la-sclerodermie-systemique","status":"publish","type":"page","link":"https:\/\/www.sclerodermie.net\/index.php\/base-de-donnees-nationale-sur-la-sclerodermie-systemique\/","title":{"rendered":"Base de donn\u00e9es nationale sur la scl\u00e9rodermie syst\u00e9mique"},"content":{"rendered":"\n<p><strong><u>Base de donn\u00e9es nationales sur la scl\u00e9rodermie syst\u00e9mique<\/u><\/strong><\/p>\n\n\n\n<p>La base de donn\u00e9es nationale sur la scl\u00e9rodermie syst\u00e9mique est toujours ouverte.<\/p>\n\n\n\n<p><a href=\"https:\/\/cleanweb-production3.aphp.fr\/Ctms-aphp3\/portal\/login\">https:\/\/cleanweb-production3.aphp.fr\/Ctms-aphp3\/portal\/login<\/a><\/p>\n\n\n\n<p>Pour \u00eatre investigateur, contacter\u00a0<a href=\"mailto:benjamin.chaigne@aphp.fr\" target=\"_blank\" rel=\"noreferrer noopener\">benjamin.chaigne@aphp.fr<\/a><\/p>\n\n\n\n<p>N\u2019h\u00e9sitez pas \u00e0 ajouter\/updater les patients que vous suivez.<\/p>\n\n\n\n<p>Merci de votre aide<\/p>\n\n\n\n<p>Benjamin Chaigne, pour le GFRS<\/p>\n\n\n\n<p><\/p>\n","protected":false},"excerpt":{"rendered":"<p>Base de donn\u00e9es nationales sur la scl\u00e9rodermie syst\u00e9mique La base de donn\u00e9es nationale sur la scl\u00e9rodermie syst\u00e9mique est toujours ouverte. https:\/\/cleanweb-production3.aphp.fr\/Ctms-aphp3\/portal\/login Pour \u00eatre investigateur, contacter\u00a0benjamin.chaigne@aphp.fr N\u2019h\u00e9sitez pas \u00e0 ajouter\/updater les [&hellip;]<\/p>\n","protected":false},"author":1,"featured_media":0,"parent":0,"menu_order":0,"comment_status":"closed","ping_status":"closed","template":"","meta":{"ngg_post_thumbnail":0,"footnotes":""},"class_list":["post-585","page","type-page","status-publish","hentry","entry"],"_links":{"self":[{"href":"https:\/\/www.sclerodermie.net\/index.php\/wp-json\/wp\/v2\/pages\/585","targetHints":{"allow":["GET"]}}],"collection":[{"href":"https:\/\/www.sclerodermie.net\/index.php\/wp-json\/wp\/v2\/pages"}],"about":[{"href":"https:\/\/www.sclerodermie.net\/index.php\/wp-json\/wp\/v2\/types\/page"}],"author":[{"embeddable":true,"href":"https:\/\/www.sclerodermie.net\/index.php\/wp-json\/wp\/v2\/users\/1"}],"replies":[{"embeddable":true,"href":"https:\/\/www.sclerodermie.net\/index.php\/wp-json\/wp\/v2\/comments?post=585"}],"version-history":[{"count":2,"href":"https:\/\/www.sclerodermie.net\/index.php\/wp-json\/wp\/v2\/pages\/585\/revisions"}],"predecessor-version":[{"id":636,"href":"https:\/\/www.sclerodermie.net\/index.php\/wp-json\/wp\/v2\/pages\/585\/revisions\/636"}],"wp:attachment":[{"href":"https:\/\/www.sclerodermie.net\/index.php\/wp-json\/wp\/v2\/media?parent=585"}],"curies":[{"name":"wp","href":"https:\/\/api.w.org\/{rel}","templated":true}]}}