{"id":212,"date":"2024-10-08T09:41:08","date_gmt":"2024-10-08T07:41:08","guid":{"rendered":"https:\/\/www.sclerodermie.net\/?page_id=212"},"modified":"2025-05-14T17:29:42","modified_gmt":"2025-05-14T15:29:42","slug":"appel-doffres","status":"publish","type":"page","link":"https:\/\/www.sclerodermie.net\/index.php\/appel-doffres\/","title":{"rendered":"Appel d&rsquo;offres"},"content":{"rendered":"\n<p>APPEL D\u2019OFFRE GFRS 2025\/2026<\/p>\n\n\n\n<p><\/p>\n\n\n\n<h4 class=\"wp-block-heading\">FINANCEMENT PROJET DE RECHERCHE SUR LA SCLERODERMIE SYSTEMIQUE 2025-2026<\/h4>\n\n\n\n<h4 class=\"wp-block-heading\"><\/h4>\n\n\n\n<p>Le <strong>Groupe Francophone de Recherche sur la Scl\u00e9rodermie<\/strong> (GFRS) est heureux d\u2019annoncer l\u2019appel d\u2019offre pour le financement de projets de recherche sur la scl\u00e9rodermie syst\u00e9mique.<\/p>\n\n\n\n<p><strong><u>A\/ R\u00e8glement de l\u2019appel d\u2019offre <\/u><\/strong><strong><u>publi\u00e9 le 2 avril 2025<\/u><\/strong><\/p>\n\n\n\n<p>Un financement \u00e0 hauteur de <strong>10,000 \u20ac<\/strong> sera attribu\u00e9 \u00e0 un projet s\u00e9lectionn\u00e9 de recherche clinique ou fondamentale sur <strong>le th\u00e8me de la scl\u00e9rodermie syst\u00e9mique.<\/strong><\/p>\n\n\n\n<p>Un laboratoire, un service ou une unit\u00e9 de recherche n\u2019a le droit de ne d\u00e9poser qu\u2019un seul dossier de demande de financement du GFRS.<\/p>\n\n\n\n<p><strong>Le\/la<\/strong> <strong>porteur\/se de projet doit \u00eatre membre du GFRS et \u00e0 jour de sa cotisation le jour du d\u00e9p\u00f4t de projet<\/strong>. &nbsp;Dans le cas contraire le projet ne sera pas examin\u00e9.&nbsp;<\/p>\n\n\n\n<p>Ce financement ne sera pas attribu\u00e9 si le\/la porteur\/se de projet ne peut pas, pour raisons priv\u00e9es, professionnelles, administratives\u2026, r\u00e9aliser son projet dans l\u2019ann\u00e9e du financement.<\/p>\n\n\n\n<p>Les dossiers sont \u00e0 adresser avant <strong>le 13 juin 2025 minuit <\/strong>par courriel <strong>aux trois adresses suivantes&nbsp;:<\/strong><\/p>\n\n\n\n<ul class=\"wp-block-list\">\n<li><a>S\u00e9bastien Rivi\u00e8re, secr\u00e9taire du bureau du GFRS\u00a0: <\/a><a href=\"mailto:sebastien.riviere@aphp.fr\">sebastien.riviere@aphp.fr<\/a><\/li>\n\n\n\n<li>Clovis Foguem, secr\u00e9taire adjoint du bureau du GFRS\u00a0:\u00a0 <a href=\"mailto:cfoguem@yahoo.fr\">cfoguem@yahoo.fr<\/a><\/li>\n\n\n\n<li>Nathalie Lambert, pr\u00e9sidente du Conseil Scientifique\u00a0: <a href=\"mailto:nathalie.lambert@inserm.fr\">nathalie.lambert@inserm.fr<\/a><\/li>\n<\/ul>\n\n\n\n<p><strong>Le\/la porteur\/se de projet devra garder une trace de l\u2019envoi de ce courriel et s\u2019assurer d\u2019avoir re\u00e7u un courriel de confirmation de bonne r\u00e9ception<\/strong>. Si ce n\u2019est pas le cas, il (elle) doit absolument en informer Nathalie Lambert au 06-78-11-57-80 dans les plus brefs d\u00e9lais.<\/p>\n\n\n\n<p><strong>Tout dossier adress\u00e9 apr\u00e8s le 13 juin minuit sera <u>refus\u00e9<\/u><\/strong>.<\/p>\n\n\n\n<p>Chaque dossier sera envoy\u00e9 \u00e0 deux experts ext\u00e9rieurs au Conseil d\u2019Administration (CA) du GFRS (n\u2019ayant aucun conflit d\u2019int\u00e9r\u00eat) constituant deux notes. La troisi\u00e8me note sera donn\u00e9e par au moins un membre du CS (sans conflit d\u2019int\u00e9r\u00eat avec le dossier concern\u00e9).<\/p>\n\n\n\n<p>Les dossiers seront class\u00e9s en fonction de la moyenne des trois notes obtenues et le classement sera vot\u00e9 en r\u00e9union de CA du GFRS courant septembre 2025. Les r\u00e9sultats seront communiqu\u00e9s apr\u00e8s ce vote. Le\/la porteur\/se du projet s\u00e9lectionn\u00e9 sera \u00e9galement pr\u00e9venu(e) par courriel.<\/p>\n\n\n\n<p><strong>Le\/la porteur\/se de projet devra pr\u00e9senter de fa\u00e7on synth\u00e9tique son projet \u00e0 l\u2019occasion de la journ\u00e9e annuelle du GFRS le 13 novembre 2025, puis les r\u00e9sultats obtenus l\u2019ann\u00e9e suivante lors de la journ\u00e9e annuelle du GFRS.<\/strong><\/p>\n\n\n\n<p><strong><u>B) Dossier d\u00e9taill\u00e9 de la demande de financement&nbsp;:<\/u><\/strong><\/p>\n\n\n\n<p><strong>Le projet de recherche pourra \u00eatre r\u00e9dig\u00e9<\/strong> <strong>en fran\u00e7ais ou en anglais <\/strong>selon le plan d\u00e9fini en un seul document.<\/p>\n\n\n\n<p>Dossier \u00e0 t\u00e9l\u00e9charger ci dessous :<\/p>\n\n\n\n<div class=\"wp-block-file\"><a id=\"wp-block-file--media-0de92380-c3d3-4fa3-8d2d-34dc48f1e893\" href=\"https:\/\/www.sclerodermie.net\/wp-content\/uploads\/2025\/05\/Dossier-de-demande-de-financement-2025-2026.docx\">Dossier-de-demande-de-financement-2025-2026<\/a><a href=\"https:\/\/www.sclerodermie.net\/wp-content\/uploads\/2025\/05\/Dossier-de-demande-de-financement-2025-2026.docx\" class=\"wp-block-file__button wp-element-button\" download aria-describedby=\"wp-block-file--media-0de92380-c3d3-4fa3-8d2d-34dc48f1e893\">T\u00e9l\u00e9charger<\/a><\/div>\n","protected":false},"excerpt":{"rendered":"<p>APPEL D\u2019OFFRE GFRS 2025\/2026 FINANCEMENT PROJET DE RECHERCHE SUR LA SCLERODERMIE SYSTEMIQUE 2025-2026 Le Groupe Francophone de Recherche sur la Scl\u00e9rodermie (GFRS) est heureux d\u2019annoncer l\u2019appel d\u2019offre pour le financement [&hellip;]<\/p>\n","protected":false},"author":1,"featured_media":0,"parent":0,"menu_order":0,"comment_status":"closed","ping_status":"closed","template":"","meta":{"ngg_post_thumbnail":0,"footnotes":""},"class_list":["post-212","page","type-page","status-publish","hentry","entry"],"_links":{"self":[{"href":"https:\/\/www.sclerodermie.net\/index.php\/wp-json\/wp\/v2\/pages\/212","targetHints":{"allow":["GET"]}}],"collection":[{"href":"https:\/\/www.sclerodermie.net\/index.php\/wp-json\/wp\/v2\/pages"}],"about":[{"href":"https:\/\/www.sclerodermie.net\/index.php\/wp-json\/wp\/v2\/types\/page"}],"author":[{"embeddable":true,"href":"https:\/\/www.sclerodermie.net\/index.php\/wp-json\/wp\/v2\/users\/1"}],"replies":[{"embeddable":true,"href":"https:\/\/www.sclerodermie.net\/index.php\/wp-json\/wp\/v2\/comments?post=212"}],"version-history":[{"count":3,"href":"https:\/\/www.sclerodermie.net\/index.php\/wp-json\/wp\/v2\/pages\/212\/revisions"}],"predecessor-version":[{"id":528,"href":"https:\/\/www.sclerodermie.net\/index.php\/wp-json\/wp\/v2\/pages\/212\/revisions\/528"}],"wp:attachment":[{"href":"https:\/\/www.sclerodermie.net\/index.php\/wp-json\/wp\/v2\/media?parent=212"}],"curies":[{"name":"wp","href":"https:\/\/api.w.org\/{rel}","templated":true}]}}