{"id":187,"date":"2024-10-07T10:50:13","date_gmt":"2024-10-07T08:50:13","guid":{"rendered":"https:\/\/www.sclerodermie.net\/?page_id=187"},"modified":"2025-06-20T10:11:42","modified_gmt":"2025-06-20T08:11:42","slug":"appel-a-observations","status":"publish","type":"page","link":"https:\/\/www.sclerodermie.net\/index.php\/appel-a-observations\/","title":{"rendered":"Appel \u00e0 observations"},"content":{"rendered":"\n<h1 class=\"wp-block-heading\">Les appels \u00e0 observations du GFRS<\/h1>\n\n\n\n<p><strong>1\/&nbsp;<u>\u00c9tude SCLEROTOX<\/u>&nbsp;: \u00c9tat des lieux de la prise en charge des patients d\u00e9veloppant une scl\u00e9rodermie syst\u00e9mique&nbsp;<em>de novo<\/em>&nbsp;sous immunoth\u00e9rapie anti-canc\u00e9reuse<\/strong><strong><\/strong><\/p>\n\n\n\n<p>Objectif&nbsp;: r\u00e9pertorier et caract\u00e9riser les patients adultes avec une scl\u00e9rodermie syst\u00e9mique apparaissant de novo chez des patients trait\u00e9s par immunoth\u00e9rapie anticanc\u00e9reuse&nbsp;<\/p>\n\n\n\n<p>Crit\u00e8res d\u2019inclusion&nbsp;:<\/p>\n\n\n\n<p>&#8211; Patient adulte pr\u00e9sentant une scl\u00e9rodermie syst\u00e9mique&nbsp;selon les crit\u00e8res de classification ACR\/EULAR 2013&nbsp;<\/p>\n\n\n\n<p>&#8211; Diagnostiqu\u00e9e au cours d\u2019un traitement par une immunoth\u00e9rapie anti-canc\u00e9reuse<\/p>\n\n\n\n<p>Contact :&nbsp;<a href=\"mailto:benjamin.chaigne@aphp.fr\" target=\"_blank\" rel=\"noreferrer noopener\">benjamin.chaigne@aphp.fr<\/a><\/p>\n\n\n\n<hr class=\"wp-block-separator has-alpha-channel-opacity\"\/>\n\n\n\n<p><strong>2\/&nbsp;<u>\u00c9tude FEOTOX<\/u>&nbsp;: \u00c9tat des lieux de la prise en charge des patients d\u00e9veloppant une fasciite avec \u00e9osinophiles sous immunoth\u00e9rapie anti-canc\u00e9reuse<\/strong><strong><\/strong><\/p>\n\n\n\n<p>Objectif&nbsp;: r\u00e9pertorier et caract\u00e9riser les patients adultes avec une fasciite avec \u00e9osinophiles chez des patients trait\u00e9s par immunoth\u00e9rapie anticanc\u00e9reuse.&nbsp;<\/p>\n\n\n\n<p>Crit\u00e8res d\u2019inclusion&nbsp;:<\/p>\n\n\n\n<p>&#8211;&nbsp;Patient pris en charge pour une fasciite avec \u00e9osinophiles r\u00e9pondant aux crit\u00e8res de Jinnin&nbsp;<\/p>\n\n\n\n<p>&#8211; Trait\u00e9 par une immunoth\u00e9rapie anti-canc\u00e9reuse<\/p>\n\n\n\n<p>Contact :&nbsp;<a href=\"mailto:benjamin.chaigne@aphp.fr\" target=\"_blank\" rel=\"noreferrer noopener\">benjamin.chaigne@aphp.fr<\/a><\/p>\n\n\n\n<hr class=\"wp-block-separator has-alpha-channel-opacity\"\/>\n\n\n\n<p><strong>3\/Registre SCLEROMACROVASC&nbsp;:<\/strong> <strong>Etude de l\u2019atteinte macrovasculaire de la scl\u00e9rodermie syst\u00e9mique<\/strong><\/p>\n\n\n\n<p>Objectif : d\u00e9finir les caract\u00e9ristiques cliniques et paracliniques des patients souffrant de Scl\u00e9rodermie Syst\u00e9mique avec une atteinte macrovasculaire s\u00e9v\u00e8re ayant conduit \u00e0 l\u2019amputation de tout ou partie d\u2019un membre inf\u00e9rieur.<\/p>\n\n\n\n<p>Crit\u00e8res d\u2019inclusion des Cas :<\/p>\n\n\n\n<p>&#8211; Age &gt; 18 ans<\/p>\n\n\n\n<p>&#8211; Scl\u00e9rodermie syst\u00e9mique r\u00e9pondant aux crit\u00e8res de classification ACR\/EULAR 2013<\/p>\n\n\n\n<p>&#8211; Amputation d\u2019un segment d\u2019un membre inf\u00e9rieur secondaire \u00e0 une isch\u00e9mie critique<\/p>\n\n\n\n<p>Crit\u00e8res d\u2019inclusion des T\u00e9moins :<\/p>\n\n\n\n<p>&#8211; Patient ScS sans atteinte macrovasculaire CLINIQUE des membres inf\u00e9rieurs, appari\u00e9 sur le sexe, l\u2019\u00e2ge (\u00b1 5 ans), et la forme cutan\u00e9e de la ScS<\/p>\n\n\n\n<p>R\u00e9sultats attendus :<\/p>\n\n\n\n<p>&#8211; Etat des lieux sur l\u2019atteinte macrovasculaire de la ScS<\/p>\n\n\n\n<p>&#8211; Mieux comprendre les conditions de survenue de cette atteinte (\u00e9tude Cas versus T\u00e9moins), identifier les facteurs de risque<\/p>\n\n\n\n<p>&#8211; Pouvoir proposer un d\u00e9pistage, une pr\u00e9vention, un traitement<\/p>\n\n\n\n<p>Contacts&nbsp;: <a href=\"mailto:brigitte.granel@ap-hm.fr\" target=\"_blank\" rel=\"noreferrer noopener\">brigitte.granel@ap-hm.fr<\/a>; <a href=\"mailto:julien.bertolino@ap-hm.fr\" target=\"_blank\" rel=\"noreferrer noopener\">julien.bertolino@ap-hm.fr<\/a><\/p>\n\n\n\n<hr class=\"wp-block-separator has-alpha-channel-opacity\"\/>\n\n\n\n<p><\/p>\n\n\n\n<p><strong>5\/ <u>\u00c9tude <\/u><u>SCLEROJAKI<\/u> :<\/strong> <strong>Evaluation des inhibiteurs de JAK au cours des pneumopathies interstitielles diffuses associ\u00e9es \u00e0 la scl\u00e9rodermie syst\u00e9mique<\/strong><\/p>\n\n\n\n<p>Objectif&nbsp;: d\u00e9crire l\u2019utilisation des inhibiteurs de JAK en vraie-vie au cours des pneumopathies interstitielles diffuses associ\u00e9es \u00e0 la scl\u00e9rodermie syst\u00e9mique.&nbsp;<\/p>\n\n\n\n<p>Crit\u00e8res d\u2019inclusion&nbsp;:&nbsp;<\/p>\n\n\n\n<p>&#8211; Patient avec un diagnostic de scl\u00e9rodermie syst\u00e9mique selon les crit\u00e8res ACR\/EULAR 2013&nbsp;<\/p>\n\n\n\n<p>&#8211; Patient avec une pneumopathie interstitielle diffuse d\u00e9finie sur les donn\u00e9es du scanner thoracique, avec atteinte d\u2019au moins 10 % au scanner thoracique, CVF \u2265 40 % et DLCO entre 30 et 90 %&nbsp;<\/p>\n\n\n\n<p>&#8211; Patient ayant b\u00e9n\u00e9fici\u00e9 d\u2019un traitement par inhibiteurs de JAK quelle qu\u2019en soit l\u2019indication&nbsp;<\/p>\n\n\n\n<p>Contacts&nbsp;:&nbsp;<a href=\"mailto:p.decker@chru-nancy.fr\" target=\"_blank\" rel=\"noreferrer noopener\">p.decker@chru-nancy.fr<\/a>&nbsp;et&nbsp;<a href=\"mailto:r.jaussaud@chru-nancy.fr\" target=\"_blank\" rel=\"noreferrer noopener\">r.jaussaud@chru-nancy.fr<\/a><\/p>\n\n\n\n<hr class=\"wp-block-separator has-alpha-channel-opacity\"\/>\n\n\n\n<p><strong>6\/<u>\u00c9tude SCLEROVID&nbsp;:<\/u><\/strong> <strong>Exacerbation aigu\u00eb (EA) de fibrose pulmonaire contemporaine\/dans les suites d\u2019une infection \u00e0 SARS-CoV-2 (COVID-19) au cours de la Scl\u00e9rodermie syst\u00e9mique (ScS) : \u00c9tude r\u00e9trospective multicentrique fran\u00e7aise (\u00e9tude ScleroVID)<\/strong><\/p>\n\n\n\n<p>Objectif&nbsp;: collection des cas d\u2019exacerbation aigu\u00eb de fibrose pulmonaire li\u00e9e au COVID-19 au cours de la scl\u00e9rodermie syst\u00e9mique.<\/p>\n\n\n\n<p>Crit\u00e8res d\u2019inclusion&nbsp;:<\/p>\n\n\n\n<p>&#8211; Patient adulte atteint d\u2019une ScS selon les crit\u00e8res ACR\/EULAR 2013, ayant une pneumopathie interstitielle diffuse<\/p>\n\n\n\n<p>&#8211; Avec une infection \u00e0 SARS-CoV-2 document\u00e9e par RT-PCR<\/p>\n\n\n\n<p>&#8211; Et atteint d\u2019une exacerbation aigu\u00eb de fibrose pulmonaire<\/p>\n\n\n\n<p>Contact&nbsp;: <a href=\"mailto:benjamin.thoreau@aphp.fr\" target=\"_blank\" rel=\"noreferrer noopener\">benjamin.thoreau@aphp.fr<\/a> et <a href=\"mailto:luc.mouthon@aphp.fr\" target=\"_blank\" rel=\"noreferrer noopener\">luc.mouthon@aphp.fr<\/a><\/p>\n\n\n\n<hr class=\"wp-block-separator has-alpha-channel-opacity\"\/>\n\n\n\n<p><strong>7\/ <u>SCLEROTRANSPLANT :<\/u><\/strong> <strong>Transplantation cardiaque en traitement de l&rsquo;atteinte cardiaque primitive de la scl\u00e9rodermie syst\u00e9mique en France<\/strong><\/p>\n\n\n\n<p>Objectif&nbsp;: D\u00e9crire les patients scl\u00e9rodermiques ayant eu une transplantation cardiaque et leur \u00e9volution<\/p>\n\n\n\n<p>Crit\u00e8res d\u2019inclusion&nbsp;:<\/p>\n\n\n\n<ul class=\"wp-block-list\">\n<li>Crit\u00e8res ACR\/EULAR 2013<\/li>\n\n\n\n<li>Atteinte cardiaque primitive<\/li>\n\n\n\n<li>Greffe cardiaque seule<\/li>\n\n\n\n<li>Suivi \u00e0 1 an (sauf d\u00e9c\u00e8s)<\/li>\n<\/ul>\n\n\n\n<p>Contacts&nbsp;: Dr. Arthur Renaud <a href=\"mailto:arthur.renaud@chu-nantes.fr\" target=\"_blank\" rel=\"noreferrer noopener\">arthur.renaud@chu-nantes.fr<\/a> et Pr. Christian Agard <a href=\"mailto:christian.agard@chu-nantes.fr\" target=\"_blank\" rel=\"noreferrer noopener\">christian.agard@chu-nantes.fr<\/a><\/p>\n\n\n\n<hr class=\"wp-block-separator has-alpha-channel-opacity\"\/>\n\n\n\n<p><strong>8\/<u>MYCRISS<\/u><\/strong> : <strong>Evaluation de l\u2019association rituximab-mycophenolate mofetil dans la scl\u00e9rodermie syst\u00e9mique : une \u00e9tude r\u00e9trospective Fran\u00e7aise multicentrique<\/strong><\/p>\n\n\n\n<p>Design d\u2019\u00e9tude&nbsp;: \u00e9tude observationnelle nationale multicentrique r\u00e9trospective et prospective<\/p>\n\n\n\n<p>Crit\u00e8res d\u2019inclusions&nbsp;:<\/p>\n\n\n\n<ul class=\"wp-block-list\">\n<li>Diagnostic de ScS selon les crit\u00e8res de classification ACR\/EULAR 2013<\/li>\n\n\n\n<li>Patient ayant b\u00e9n\u00e9fici\u00e9 d\u2019un traitement par RTX avec MMF<\/li>\n\n\n\n<li>Donn\u00e9es de suivi disponibles \u00e0 au moins 1 an post-introduction de traitement<\/li>\n\n\n\n<li>Pour chaque patient inclus ayant re\u00e7u RTX\/MMF, un patient ayant re\u00e7u RTX et\/ou MMF, appari\u00e9 par centre, type de ScS, sexe et dur\u00e9e d\u2019\u00e9volution de la ScS sera n\u00e9cessaire<\/li>\n<\/ul>\n\n\n\n<p>Contacts : Dr Fran\u00e7ois Barde et Dr. Benjamin Chaigne : <a href=\"mailto:francois.barde@aphp.fr\" target=\"_blank\" rel=\"noreferrer noopener\">francois.barde@aphp.fr<\/a>; <a href=\"mailto:benjamin.chaigne@aphp.fr\" target=\"_blank\" rel=\"noreferrer noopener\">benjamin.chaigne@aphp.fr<\/a>.<\/p>\n\n\n\n<hr class=\"wp-block-separator has-alpha-channel-opacity\"\/>\n\n\n\n<p><strong><u>9\/GLISS&nbsp;: <\/u>Evaluation de l\u2019utilisation des gliflozines dans la scl\u00e9rodermie syst\u00e9mique<\/strong><\/p>\n\n\n\n<p>Design d\u2019\u00e9tude&nbsp;: \u00e9tude observationnelle nationale multicentrique r\u00e9trospective et prospective<\/p>\n\n\n\n<p>Crit\u00e8res d\u2019inclusion&nbsp;:&nbsp;&nbsp;&nbsp;<\/p>\n\n\n\n<ul class=\"wp-block-list\">\n<li>Diagnostic de ScS selon les crit\u00e8res de classification ACR\/EULAR 2013<\/li>\n\n\n\n<li>Patient ayant b\u00e9n\u00e9fici\u00e9 d\u2019un traitement par gliflozine<\/li>\n<\/ul>\n\n\n\n<p>Objectif principal : \u00e9valuer la tol\u00e9rance des gliflozines dans la ScS<\/p>\n\n\n\n<p>Objectifs secondaires : d\u00e9crire les indications d\u2019utilisation dans la ScS, les effets sur la fibrose cutan\u00e9e et pulmonaire apr\u00e8s un an de traitement, et les effets du traitement sur les fonctions cardiaque et r\u00e9nale<\/p>\n\n\n\n<p>Contacts&nbsp;: Dr. Dieynaba N\u2019Diaye et Dr. Benjamin Chaigne&nbsp;: <a href=\"mailto:nd.dieyn@gmail.com\" target=\"_blank\" rel=\"noreferrer noopener\">nd.dieyn@gmail.com<\/a>; <a href=\"mailto:benjamin.chaigne@aphp.fr\" target=\"_blank\" rel=\"noreferrer noopener\">benjamin.chaigne@aphp.fr<\/a><\/p>\n\n\n\n<hr class=\"wp-block-separator has-alpha-channel-opacity\"\/>\n\n\n\n<p><strong><u>10\/SCLERONAB&nbsp;:<\/u> Evaluation des profils de patients avec scl\u00e9rodermie syst\u00e9mique sans auto-anticorps sp\u00e9cifiques ou associ\u00e9s<\/strong><\/p>\n\n\n\n<p>Dans le cadre du projet d\u2019\u00e9tude collaborative SCLERONAB soutenue par le GFRS, un sondage est en cours afin d\u2019\u00e9valuer les sp\u00e9cificit\u00e9s et les techniques de recherche des auto-anticorps sp\u00e9cifiques ou associ\u00e9s \u00e0 la scl\u00e9rodermie syst\u00e9mique r\u00e9alis\u00e9es au sein des laboratoires d\u2019immunologie de vos centres respectifs.<\/p>\n\n\n\n<p>Questionnaire en ligne disponible&nbsp;: <a href=\"https:\/\/urldefense.com\/v3\/__https:\/docs.google.com\/forms\/d\/e\/1FAIpQLSeFAcJIKi1o6iZWJkDtYJT2hwN8o6XKtFl0lKhGS66txQD8MA\/viewform?vc=0&amp;c=0&amp;w=1&amp;flr=0__;!!JQ5agg!ZFI78hWWXVtrMf7_WAWyjR5megUtatz3Z0lftLYdoKg0HvaTmlUiTfAuG3VIqLKOl_sO4EXpz_Ti5TR7kE-JIA3ytDqRjMr0vUqp$\" target=\"_blank\" rel=\"noreferrer noopener\">Sondage auto-anticorps projet SCLERONAB (google.com)<\/a>.<\/p>\n\n\n\n<p>Pour plus d\u2019informations, n\u2019h\u00e9sitez pas \u00e0 contacter le Dr DECKER Paul (<a href=\"mailto:p.decker@chru-nancy.fr\" target=\"_blank\" rel=\"noreferrer noopener\">p.decker@chru-nancy.fr<\/a>).<\/p>\n\n\n\n<hr class=\"wp-block-separator has-alpha-channel-opacity\"\/>\n\n\n\n<p><\/p>\n","protected":false},"excerpt":{"rendered":"<p>Les appels \u00e0 observations du GFRS 1\/&nbsp;\u00c9tude SCLEROTOX&nbsp;: \u00c9tat des lieux de la prise en charge des patients d\u00e9veloppant une scl\u00e9rodermie syst\u00e9mique&nbsp;de novo&nbsp;sous immunoth\u00e9rapie anti-canc\u00e9reuse Objectif&nbsp;: r\u00e9pertorier et caract\u00e9riser les [&hellip;]<\/p>\n","protected":false},"author":1,"featured_media":0,"parent":0,"menu_order":0,"comment_status":"closed","ping_status":"closed","template":"","meta":{"ngg_post_thumbnail":0,"footnotes":""},"class_list":["post-187","page","type-page","status-publish","hentry","entry"],"_links":{"self":[{"href":"https:\/\/www.sclerodermie.net\/index.php\/wp-json\/wp\/v2\/pages\/187","targetHints":{"allow":["GET"]}}],"collection":[{"href":"https:\/\/www.sclerodermie.net\/index.php\/wp-json\/wp\/v2\/pages"}],"about":[{"href":"https:\/\/www.sclerodermie.net\/index.php\/wp-json\/wp\/v2\/types\/page"}],"author":[{"embeddable":true,"href":"https:\/\/www.sclerodermie.net\/index.php\/wp-json\/wp\/v2\/users\/1"}],"replies":[{"embeddable":true,"href":"https:\/\/www.sclerodermie.net\/index.php\/wp-json\/wp\/v2\/comments?post=187"}],"version-history":[{"count":3,"href":"https:\/\/www.sclerodermie.net\/index.php\/wp-json\/wp\/v2\/pages\/187\/revisions"}],"predecessor-version":[{"id":635,"href":"https:\/\/www.sclerodermie.net\/index.php\/wp-json\/wp\/v2\/pages\/187\/revisions\/635"}],"wp:attachment":[{"href":"https:\/\/www.sclerodermie.net\/index.php\/wp-json\/wp\/v2\/media?parent=187"}],"curies":[{"name":"wp","href":"https:\/\/api.w.org\/{rel}","templated":true}]}}