{"id":125,"date":"2024-09-06T15:08:04","date_gmt":"2024-09-06T13:08:04","guid":{"rendered":"https:\/\/www.sclerodermie.net\/?page_id=125"},"modified":"2026-01-29T18:24:18","modified_gmt":"2026-01-29T17:24:18","slug":"don-et-adhesion","status":"publish","type":"page","link":"https:\/\/www.sclerodermie.net\/index.php\/don-et-adhesion\/","title":{"rendered":"Don et adh\u00e9sion"},"content":{"rendered":"\n<p>Effectuer un don, une adh\u00e9sion ou participer \u00e0 un \u00e9v\u00e9nement<\/p>\n\n\n\n<figure class=\"wp-block-image size-full is-resized\"><a href=\"https:\/\/www.helloasso.com\/associations\/groupe-francophone-de-recherche-sur-la-sclerodermie-grfs\/adhesions\/cotisation-2026-2\"><img decoding=\"async\" width=\"221\" height=\"49\" src=\"https:\/\/www.sclerodermie.net\/wp-content\/uploads\/2026\/01\/cotisation.png\" alt=\"\" class=\"wp-image-754\" style=\"width:213px;height:auto\"\/><\/a><\/figure>\n\n\n\n<figure class=\"wp-block-image size-full\"><a href=\"https:\/\/www.helloasso.com\/associations\/groupe-francophone-de-recherche-sur-la-sclerodermie-grfs\/formulaires\/1\"><img decoding=\"async\" width=\"213\" height=\"49\" src=\"https:\/\/www.sclerodermie.net\/wp-content\/uploads\/2024\/09\/don_recherche.png\" alt=\"\" class=\"wp-image-129\"\/><\/a><\/figure>\n\n\n\n<p><\/p>\n","protected":false},"excerpt":{"rendered":"<p>Effectuer un don, une adh\u00e9sion ou participer \u00e0 un \u00e9v\u00e9nement<\/p>\n","protected":false},"author":1,"featured_media":0,"parent":0,"menu_order":0,"comment_status":"closed","ping_status":"closed","template":"","meta":{"ngg_post_thumbnail":0,"footnotes":""},"class_list":["post-125","page","type-page","status-publish","hentry","entry"],"_links":{"self":[{"href":"https:\/\/www.sclerodermie.net\/index.php\/wp-json\/wp\/v2\/pages\/125","targetHints":{"allow":["GET"]}}],"collection":[{"href":"https:\/\/www.sclerodermie.net\/index.php\/wp-json\/wp\/v2\/pages"}],"about":[{"href":"https:\/\/www.sclerodermie.net\/index.php\/wp-json\/wp\/v2\/types\/page"}],"author":[{"embeddable":true,"href":"https:\/\/www.sclerodermie.net\/index.php\/wp-json\/wp\/v2\/users\/1"}],"replies":[{"embeddable":true,"href":"https:\/\/www.sclerodermie.net\/index.php\/wp-json\/wp\/v2\/comments?post=125"}],"version-history":[{"count":4,"href":"https:\/\/www.sclerodermie.net\/index.php\/wp-json\/wp\/v2\/pages\/125\/revisions"}],"predecessor-version":[{"id":755,"href":"https:\/\/www.sclerodermie.net\/index.php\/wp-json\/wp\/v2\/pages\/125\/revisions\/755"}],"wp:attachment":[{"href":"https:\/\/www.sclerodermie.net\/index.php\/wp-json\/wp\/v2\/media?parent=125"}],"curies":[{"name":"wp","href":"https:\/\/api.w.org\/{rel}","templated":true}]}}